What is the tens digit of j?
6
Let v = -26 - -57. What is the units digit of v?
1
Let s(p) = -7*p - 4. Let f be s(5). Let c = f + 55. What is the units digit of c?
6
What is the units digit of 2/(1 + -2)*-24?
8
What is the tens digit of 156 + -2 + (-10)/5?
5
Suppose 0 = -4*y + y - 3. Let t be 3 + (-1 + 2)*y. Suppose -5*m + t*n = -67, 2*m = -m - 4*n + 35. What is the units digit of m?
3
What is the units digit of (-24)/(-3) - (1 - 2)?
9
Let i(c) = -c**2 + 18*c. What is the tens digit of i(17)?
1
Let r(w) = 4*w**2 + 10*w + 4. Let q(t) = 3*t**2 + 10*t + 4. Let b(m) = 5*q(m) - 4*r(m). Let d be b(9). Let j = 21 - d. What is the units digit of j?
8
Let s be (1 - -4) + 6/(-2). Suppose 5*z - 3*h - 40 = s*h, -2*z - 4 = 3*h. What is the units digit of z?
4
Suppose -135 - 110 = -5*z. What is the tens digit of z?
4
Let d = 13 + 16. Let a be (-4)/18 - 58/(-18). Suppose -d = -4*v + a. What is the units digit of v?
8
Let v(r) = -10*r + 1. Let u be v(1). Let z = 0 - u. What is the units digit of z?
9
Let m(f) = -f**3 + 9*f**2 + 9*f + 5. What is the units digit of m(9)?
6
Let p = -7 + 8. Let a = 11 - p. What is the units digit of a?
0
What is the tens digit of 273/2*20/15?
8
Let p be (3 - 2)/((-1)/(-10)). Suppose 3*x - 41 - p = 0. What is the tens digit of x?
1
Suppose -3*i + 28 = 5*q, -2*i = -4*q + 2*i + 48. Let s = 8 + q. What is the units digit of s?
6
Let p(x) be the first derivative of 0*x**2 + 3*x - 2 - 1/4*x**4 - 10/3*x**3. What is the units digit of p(-10)?
3
Suppose 114 = 2*o - 44. What is the units digit of o?
9
Let k(z) = 3*z**2 + z - 2. Let j be k(2). Let c be (6/4)/((-6)/(-8)). Suppose -u = c*u - j. What is the units digit of u?
4
Let y be 0 + 3 - (-9 + 10). Suppose -x = -2*i + 4*x + 65, 0 = 4*i - y*x - 154. What is the tens digit of i?
4
Let i = 21 - 5. Suppose -5*m = 2*s - i, 4*m + 31 = s - 3. What is the units digit of s?
8
Let x = 82 - 40. What is the units digit of x?
2
Let x be (12/(-5) + 3)*5. What is the units digit of 6/2 - (x - 9)?
9
Let z(v) = -v**3 - 5*v**2 + 4*v + 4. What is the tens digit of z(-6)?
1
Let t(p) be the third derivative of p**5/60 - p**4/4 + 3*p**3/2 + p**2. Let k be t(9). Let y = k + -20. What is the tens digit of y?
1
Let o(j) = -3*j**2 - 5*j + 8. Let w(t) = t**2 + 3*t - 4. Let n(i) = 2*o(i) + 5*w(i). What is the units digit of n(3)?
2
Let x = 43 - 23. Suppose -3*k + 12 = -j + k, 5*j - 15 = -5*k. Suppose j = q - 0*q + 5*m - 28, 5*m = 5*q - x. What is the units digit of q?
8
Suppose 3*t + 3*j = -2*t + 11, 2*t - 11 = j. Let z be 5/20 + 70/8. Suppose -i - z = -t*i. What is the units digit of i?
3
Suppose 6*v - 240 = v. What is the units digit of v?
8
Let q = 306 + -165. What is the hundreds digit of q?
1
Let o = 11 - 8. Suppose s - 27 = 3*s + 5*n, -4*s = o*n + 33. Let p = s + 9. What is the units digit of p?
3
Suppose 4*z + 460 = 4*c, c - z + 236 = 3*c. Suppose 4*q = -5*j + 408, -2*j = q + 3*j - c. Suppose q = 5*h + 37. What is the units digit of h?
2
Let i(d) = -d**3 + 3*d**2 + d + 1. Let q = 6 + -4. Let s be i(q). Suppose -s + 1 = -2*z. What is the units digit of z?
3
Let i(b) = -b**2 - 13*b + 5. Let c be i(-13). Suppose c*o = -k - k + 49, -2*o = -k + 47. What is the tens digit of k?
3
Let r = -10 + 14. Suppose -r*f + 38 = 2. What is the units digit of (f/2)/(6/8)?
6
Let a be (-2)/(-10) - (-505)/(-25). What is the tens digit of (-2)/(-2*(-2)/a)?
1
Suppose 6*s - 3*s = 75. What is the tens digit of s?
2
Suppose -c - 25 = -5*y + 8, 2*y - 24 = 4*c. Let p(d) = -d**2 + 4*d + 3. Let m be p(y). Let i = 27 + m. What is the units digit of i?
8
Suppose -2*s = 5*s - 301. What is the tens digit of s?
4
Let k = 4 + 101. What is the tens digit of k?
0
Let z = 0 - 0. Suppose 0*o - 4*o + 64 = z. What is the tens digit of o?
1
Let n be ((-4)/5)/(1/(-5)). Suppose -n*o + 4 = -12. What is the units digit of o?
4
Suppose 4*s = 6*s - 54. What is the tens digit of s?
2
Let j(w) be the third derivative of -w**5/60 + 5*w**4/24 + w**3 + 2*w**2. What is the units digit of j(5)?
6
Let g be 87/4 - 1/(-4). Let b = g - 18. What is the units digit of b?
4
Let h be (8/(-14))/(14/(-49)). Suppose 2*g + 4*r = 36, 12 - 48 = -h*g + 3*r. What is the tens digit of g?
1
Suppose -z - 2*m = -5*m - 36, 0 = 3*z - 3*m - 84. What is the tens digit of z?
2
Let u = -2 - 8. Let o = -5 - u. Suppose -o*p + 56 = 6. What is the tens digit of p?
1
Suppose -12*t + 1111 = -t. What is the tens digit of t?
0
Suppose 5*p = 2*p + 6. Suppose -p*d = 2*d. Suppose d = 4*c - 0*c - 40. What is the tens digit of c?
1
Let d(g) = 0 - g - 1 - 3. What is the units digit of d(-6)?
2
Let s(k) = 4*k**3 + 2*k**2 + k - 1. What is the tens digit of s(2)?
4
Suppose z + 0*z - 3 = 0. Suppose 0 = 3*b + 2*b. Suppose b = -z*l + 5 + 1. What is the units digit of l?
2
Suppose -5*u + 24 = 9. What is the tens digit of 6/18 - (-128)/u?
4
Let d(l) = l - 8. Let z be d(5). Let h = z + 3. Suppose -5*j + 10 + 25 = h. What is the units digit of j?
7
Let x = -66 + 114. Suppose -2*m - x = -7*m + a, -5*m - 3*a = -56. Suppose m = y + 4*y. What is the units digit of y?
2
Let a(i) = i**2 + 3*i. Let d be a(-3). Let x(n) = n - 5. Let g be x(d). Let j = g - -13. What is the units digit of j?
8
Suppose 74 = 3*j - 76. Suppose 4*d - 4*k = 88, -4*d + 2*d = k - j. What is the units digit of d?
4
Suppose 2*z - 152 = -2*z. What is the tens digit of z?
3
What is the tens digit of (-28)/(-6)*138/4?
6
Let o(z) = -z - 4. Let w be o(-6). Suppose -3*y + w*y = -4. What is the units digit of 7/2 + (-2)/y?
3
Let q(u) = u**2 - 4*u. Suppose 3*k - 27 = 5*t, 3*t + 11 = 3*k - 10. Let p be q(k). Suppose 7 + p = v. What is the units digit of v?
7
Let h = 49 + -32. Let u be (6/(-4))/(3/(-8)). Let q = h - u. What is the units digit of q?
3
Let z be 20/6 - 4/(-6). Suppose 0 = -q + z*b + 19, -4*q - 3*b + 160 = 27. What is the units digit of q?
1
Let j = -8 + 10. Suppose 4 + j = 2*u. What is the units digit of u?
3
Let o(v) = 4*v**2 + 3*v - 14. What is the units digit of o(6)?
8
Suppose p - 5*p - u = -203, 3*p + 2*u - 156 = 0. What is the tens digit of p?
5
What is the units digit of (4/4)/(1/7)?
7
Let l = 8 + -5. Suppose -15 = -l*i + r, -2*r + 6*r - 4 = -4*i. Let t(k) = k**3 - 5*k**2 + 6*k - 6. What is the units digit of t(i)?
2
Suppose -14 = s - 16. Suppose s*x = 3*x - 15. What is the units digit of x?
5
What is the units digit of 6 - 2 - -138*(-2)/(-2)?
2
Let g(f) = -13*f**3 + f**2 + 2*f + 1. Let d be g(-1). What is the units digit of d + (-2 + 0)/(-2)?
4
Suppose k + 7 - 30 = 0. What is the tens digit of k?
2
Let d be ((-1)/2)/((-4)/(-8)). Let j = 5 - d. Let z = j + -1. What is the units digit of z?
5
Let q = -7 + 11. Let y(z) = -z**3 + 4*z**2 + 3. What is the units digit of y(q)?
3
Suppose -6*y + 6 = -3*y. Suppose 5 = 5*a + 5*w, -y*w - 2*w + 10 = 5*a. What is the units digit of a?
6
Let y = 3 - -9. What is the units digit of y?
2
Let w = 5 - -1. Let z be (-78)/(-21) - w/(-21). What is the units digit of z*(-1 + (-7)/(-4))?
3
Suppose -5*z - 5*b = -180, -4*z + 5*b - 82 = -262. What is the units digit of z?
0
Suppose -61 = 4*c + c - b, 4*b = 3*c + 40. What is the units digit of 122/14 - c/42?
9
Let r(g) be the first derivative of -g**4/4 - g**3/3 - g**2/2 + 11*g + 1. What is the units digit of r(0)?
1
Let w(z) = -z**3 + 7*z**2 + 7*z + 9. Let y = -9 + 17. Let n be w(y). Suppose -x + n = -2. What is the units digit of x?
3
Suppose 0 = -2*z - 3*i - 8, 0*i = z - i - 6. Suppose v = -z*v. Suppose -3*d + 0*o - 4*o + 36 = 0, v = -5*o - 15. What is the units digit of d?
6
Let h(f) = -f**2 + 11*f - 2. Let x(l) = -l + 4. Let v be x(-5). What is the units digit of h(v)?
6
Let b(u) = 3*u**2 + 13*u - 30. What is the units digit of b(4)?
0
Let j(d) = 2*d**2 - 3*d + 2. Suppose 5*g + 0*g - 2*u = 0, 3*g + 2*u - 16 = 0. What is the units digit of j(g)?
4
Suppose -16 = -2*z - 6. Suppose -5*t - 4 = -y + 22, z*y - 130 = 3*t. What is the units digit of y?
6
Suppose 0*o + 5*f = 4*o - 42, -5*f = 4*o - 22. What is the units digit of ((-2)/1)/(o/(-4))?
1
Let i(v) be the first derivative of v**5/20 + v**4/6 - v**3/2 - 3*v**2/2 + v + 2. Let d(u) be the first derivative of i(u). What is the units digit of d(-2)?
3
Suppose -3*k = w - 384, 623 = -3*k + 8*k - 4*w. What is the units digit of k?
7
Suppose 2*r - 454 = -4*t, -r + 0*t = t - 227. What is the hundreds digit of r?
2
L